{"id":239,"date":"2024-10-15T07:25:14","date_gmt":"2024-10-15T05:25:14","guid":{"rendered":"https:\/\/www.protetikasro.cz\/?page_id=239"},"modified":"2026-02-09T10:57:01","modified_gmt":"2026-02-09T09:57:01","slug":"cesta-k-nam","status":"publish","type":"page","link":"https:\/\/www.protetikasro.cz\/?page_id=239","title":{"rendered":"Cesta k n\u00e1m"},"content":{"rendered":"\n<p><strong>JAK SE K N\u00c1M DOSTANETE:<\/strong><\/p>\n\n\n\n<p>S\u00eddlo spole\u010dnosti <strong>Protetika s.r.o.<\/strong> se nach\u00e1z\u00ed v ulici <strong>Pap\u00edrensk\u00e1 180\/1, Praha 6 &#8211; Bubene\u010d<\/strong> s p\u0159\u00edstupem z vnitrobloku (dvoru), p\u0159es vr\u00e1tnici (<strong>vjezd 2<\/strong>) ozna\u010denou n\u00ed\u017ee na map\u011b.<\/p>\n\n\n\n<center><iframe loading=\"lazy\" style=\"border:none\" src=\"https:\/\/frame.mapy.cz\/s\/nojonosehu\" width=\"350\" height=\"350\" frameborder=\"0\"><\/iframe><\/center>\n\n\n\n<p><strong>Autem<\/strong><\/p>\n\n\n\n<p>P\u0159i cestov\u00e1n\u00ed autem lze vyu\u017e\u00edt vyhrazen\u00e9ho st\u00e1n\u00ed pro pacienty p\u0159\u00edmo ve dvo\u0159e, po vjezdu <strong>p\u0159es vr\u00e1tnici <\/strong>spole\u010dnosti <strong>ERGON a.s. (vjezd 2)<\/strong>. Rovn\u011b\u017e m\u016f\u017eete vyu\u017e\u00edt z\u00f3ny placen\u00e9ho st\u00e1n\u00ed v ulici Pap\u00edrensk\u00e1.<\/p>\n\n\n\n<div style=\"height:15px\" aria-hidden=\"true\" class=\"wp-block-spacer\"><\/div>\n\n\n\n<p><strong>M\u011bstsk\u00e1 hromadn\u00e1 doprava a vlak<\/strong><\/p>\n\n\n\n<p>Jedete-li MHD, m\u016f\u017eete vyu\u017e\u00edt <strong>autobusov\u00e9 linky \u010d\u00edslo 131<\/strong> na trase Hrad\u010dansk\u00e1 &gt; Bo\u0159islavka. P\u0159i v\u00fdstupu z nejbli\u017e\u0161\u00ed <strong>zast\u00e1vky Goetheo<\/strong>, respektive <strong>Nemocnice Bubene\u010d<\/strong> je p\u011b\u0161\u00ed trasa dlouh\u00e1 zhruba 400 metr\u016f. Zvolte cestu vedouc\u00ed pod vlakov\u00fdm viaduktem; na k\u0159\u00ed\u017een\u00ed ulice Pap\u00edrensk\u00e1 \/ Ml\u00fdnsk\u00e1 se dejte po chodn\u00edku doleva a d\u00e1le rovn\u011b. Po 300 metrech je na lev\u00e9 stran\u011b budova s logem ERGON a.s. a vr\u00e1tnic\u00ed, p\u0159es kterou se dostanete na dv\u016fr. Zde je po lev\u00e9 stran\u011b p\u0159\u00edstupn\u00fd hlavn\u00ed vchod na pracovi\u0161t\u011b Protetika s.r.o.<\/p>\n\n\n\n<center><iframe loading=\"lazy\" style=\"border:none\" src=\"https:\/\/frame.mapy.cz\/s\/bebutavume\" width=\"350\" height=\"350\" frameborder=\"0\"><\/iframe><\/center>\n\n\n\n<div style=\"height:15px\" aria-hidden=\"true\" class=\"wp-block-spacer\"><\/div>\n\n\n\n<p>Alternativn\u011b lze vyu\u017e\u00edt spole\u010dnou cestu z autobusov\u00e9 nebo tramvajov\u00e9 stanice <strong>N\u00e1dra\u017e\u00ed Podbaba<\/strong>. Dostupn\u00e9 <strong>autobusov\u00e9 linky \u010d\u00edslo 107, 350, 147, 116, 355, 340, 160 <\/strong>nebo<strong> tramvajov\u00e9 \u010d\u00edslo 8, 18<\/strong>. Sou\u010dasn\u011b se zde nach\u00e1z\u00ed vlakov\u00e1 stanice Praha &#8211; Podbaba (vlakov\u00fd spoj sm\u011brem z Roztok u Prahy, respektive Prahy &#8211; Libn\u011b nebo Masarykova n\u00e1dra\u017e\u00ed). Trasa je dlouh\u00e1 p\u0159ibli\u017en\u011b 800 metr\u016f. Vyu\u017eijte cestu vedouc\u00ed podchodem skrz vlakovou stanici Praha &#8211; Podbaba, d\u00e1le doprava a rovn\u011b po ulici Pap\u00edrensk\u00e1. Po 400 metrech je na prav\u00e9 stran\u011b budova s logem ERGON a.s. a vr\u00e1tnic\u00ed, p\u0159es kterou se dostanete na dv\u016fr. Zde je po lev\u00e9 stran\u011b p\u0159\u00edstupn\u00fd hlavn\u00ed vchod na pracovi\u0161t\u011b Protetika s.r.o.<\/p>\n\n\n\n<center><iframe loading=\"lazy\" style=\"border:none\" src=\"https:\/\/frame.mapy.cz\/s\/pocopufako\" width=\"350\" height=\"350\" frameborder=\"0\"><\/iframe><\/center>\n\n\n\n<div style=\"height:15px\" aria-hidden=\"true\" class=\"wp-block-spacer\"><\/div>\n\n\n\n<p><em>Pozn\u00e1mka: \u00dadaje o detailech spoj\u016f a jednotliv\u00fdch linek se mohou v pr\u016fb\u011bhu \u010dasu m\u011bnit dle aktu\u00e1ln\u00ed situace v doprav\u011b, v\u010detn\u011b mo\u017en\u00fdch v\u00fdluk. P\u0159ed cestou si pros\u00edm ov\u011b\u0159te aktu\u00e1lnost \u00fadaj\u016f o spojen\u00ed u p\u0159\u00edslu\u0161n\u00e9ho dopravce. Posledn\u00ed aktualizace informac\u00ed: 09.02.2026.<\/em><\/p>\n\n\n\n<p><\/p>\n","protected":false},"excerpt":{"rendered":"<p>JAK SE K N\u00c1M DOSTANETE: S\u00eddlo spole\u010dnosti Protetika s.r.o. se nach\u00e1z\u00ed v ulici Pap\u00edrensk\u00e1 180\/1, Praha 6 &#8211; Bubene\u010d s p\u0159\u00edstupem z vnitrobloku (dvoru), p\u0159es vr\u00e1tnici (vjezd 2) ozna\u010denou n\u00ed\u017ee na map\u011b. Autem P\u0159i cestov\u00e1n\u00ed autem lze vyu\u017e\u00edt vyhrazen\u00e9ho st\u00e1n\u00ed pro pacienty p\u0159\u00edmo ve dvo\u0159e, po vjezdu p\u0159es vr\u00e1tnici spole\u010dnosti ERGON a.s. (vjezd 2). Rovn\u011b\u017e [&hellip;]<\/p>\n","protected":false},"author":1,"featured_media":0,"parent":0,"menu_order":0,"comment_status":"closed","ping_status":"closed","template":"","meta":{"footnotes":""},"class_list":["post-239","page","type-page","status-publish","hentry"],"_links":{"self":[{"href":"https:\/\/www.protetikasro.cz\/index.php?rest_route=\/wp\/v2\/pages\/239"}],"collection":[{"href":"https:\/\/www.protetikasro.cz\/index.php?rest_route=\/wp\/v2\/pages"}],"about":[{"href":"https:\/\/www.protetikasro.cz\/index.php?rest_route=\/wp\/v2\/types\/page"}],"author":[{"embeddable":true,"href":"https:\/\/www.protetikasro.cz\/index.php?rest_route=\/wp\/v2\/users\/1"}],"replies":[{"embeddable":true,"href":"https:\/\/www.protetikasro.cz\/index.php?rest_route=%2Fwp%2Fv2%2Fcomments&post=239"}],"version-history":[{"count":6,"href":"https:\/\/www.protetikasro.cz\/index.php?rest_route=\/wp\/v2\/pages\/239\/revisions"}],"predecessor-version":[{"id":345,"href":"https:\/\/www.protetikasro.cz\/index.php?rest_route=\/wp\/v2\/pages\/239\/revisions\/345"}],"wp:attachment":[{"href":"https:\/\/www.protetikasro.cz\/index.php?rest_route=%2Fwp%2Fv2%2Fmedia&parent=239"}],"curies":[{"name":"wp","href":"https:\/\/api.w.org\/{rel}","templated":true}]}}